t is -100200212101211 (base 3) in base 14?
-98257c
-230140314 (base 5) to base 13
-299b52
Convert -9a0235 (base 11) to base 5.
-402034044
Convert 11b728 (base 13) to base 7.
3420522
What is 257743 (base 8) in base 15?
1ba58
Convert -12443552 (base 6) to base 14.
-a97c0
-20287 (base 15) to base 12
-4ab17
Convert -887147 (base 9) to base 10.
-530107
Convert -d17c0 (base 14) to base 9.
-846837
What is -10357414 (base 8) in base 13?
-5c94ac
87968 (base 13) to base 11
158479
Convert -d872e (base 15) to base 9.
-1256028
Convert -11100010110000100011100 (base 2) to base 3.
-111222111122001
Convert 232198 (base 10) to base 3.
102210111221
Convert -2b7c9 (base 13) to base 8.
-241315
123221001 (base 4) to base 16
1ba41
1507044 (base 8) to base 3
210211022021
What is 1106002 (base 8) in base 5?
34013421
What is -498944 (base 12) in base 14?
-2323ac
What is -1103aab (base 15) in base 7?
-205244201
What is -744b (base 14) in base 9?
-30457
110444331 (base 5) to base 11
300990
What is 73900 (base 10) in base 8?
220254
392597 (base 13) to base 16
150023
3053156 (base 9) to base 7
16564401
What is -1856a (base 15) in base 13?
-29b75
Convert -12889aa (base 12) to base 3.
-20220012010211
30637353 (base 8) to base 12
2217ba3
What is -5024 (base 10) in base 2?
-1001110100000
Convert -13a3ac (base 16) to base 13.
-360ab6
Convert 56430a (base 11) to base 7.
10432255
Convert 2321216 (base 10) to base 15.
30cb7b
What is -240a6 (base 14) in base 7?
-514266
Convert 583077 (base 14) to base 3.
12122122210100
What is 57901 (base 10) in base 15?
12251
-32621617 (base 9) to base 8
-74145124
What is -20220212222 (base 3) in base 8?
-412061
Convert 6321562 (base 7) to base 2.
10111001111110010101
Convert 100101100000001110 (base 2) to base 16.
2580e
Convert 2dba8 (base 14) to base 7.
655501
What is 1111000032 (base 4) in base 12?
1495a6
What is -15323997 (base 10) in base 2?
-111010011101001101011101
-20112121121 (base 3) to base 8
-373360
Convert -12050522 (base 6) to base 9.
-638135
750303 (base 9) to base 13
128250
-59766 (base 13) to base 15
-33830
-13223141033 (base 5) to base 13
-359985c
220102011 (base 4) to base 5
20234442
What is 92bba7 (base 12) in base 2?
1000110001111011101111
-1100110111110111100010 (base 2) to base 3
-20100110000210
Convert -121210201202 (base 3) to base 10.
-330770
b15b9 (base 13) to base 7
2461156
Convert -203130011103 (base 4) to base 12.
-3140243
What is 12c914 (base 13) in base 9?
764848
What is 10703762 (base 8) in base 3?
11101022012001
What is 4593 (base 10) in base 5?
121333
What is 110031210 (base 4) in base 9?
135506
-24556216 (base 7) to base 5
-1031402031
-4502521 (base 10) to base 3
-22110202022001
Convert 490063 (base 12) to base 11.
738090
Convert 257b3a5 (base 14) to base 7.
306256065
-38735425 (base 9) to base 8
-110476415
Convert -7622593 (base 10) to base 7.
-121535206
Convert -397150 (base 13) to base 5.
-323332131
What is -144334 (base 12) in base 4?
-1102303120
12010 (base 3) to base 13
a8
Convert 4ca544 (base 13) to base 14.
3626a3
-22111102121 (base 3) to base 9
-274377
What is -142014150 (base 7) in base 11?
-5280904
What is 161747 (base 9) in base 11?
68a46
-1431506 (base 8) to base 9
-678351
Convert 2a95b (base 12) to base 10.
60119
-2026557 (base 9) to base 3
-2000220121221
Convert 11011011000101000110010 (base 2) to base 12.
24a2496
Convert 7703016 (base 11) to base 12.
4647232
What is -104311420 (base 6) in base 5?
-441004421
Convert 222332020 (base 4) to base 13.
62161
-258038 (base 9) to base 2
-100110010001100010
What is -3440631 (base 7) in base 10?
-430095
What is 13231535 (base 7) in base 6?
42034305
What is -321210032000 (base 4) in base 2?
-111001100100001110000000
-1f3fc (base 16) to base 3
-20111120121
Convert -101133230223 (base 4) to base 12.
-1652123
What is -20121111111110 (base 3) in base 10?
-3513414
1332220001 (base 4) to base 5
113044112
What is -7104117 (base 8) in base 11?
-1067982
What is -7245b4 (base 16) in base 14?
-dcd2cc
24334014 (base 5) to base 7
1650016
What is -11326430 (base 7) in base 9?
-1781845
Convert -303000301 (base 4) to base 7.
-1530112
What is 3034342 (base 6) in base 8?
432726
What is -989e4 (base 15) in base 7?
-4056412
What is -2a38089 (base 11) in base 6?
-303344300
What is -504599 (base 12) in base 15?
-19ae09
Convert -35398b2 (base 12) to base 5.
-10112444113
What is 1424181 (base 10) in base 2?
101011011101100110101
Convert -110451545 (base 6) to base 16.
-1e7af9
Convert 2115442 (base 6) to base 9.
167138
Convert -100303130 (base 6) to base 5.
-414004041
-1312322132 (base 4) to base 16
-76e9e
Convert 45360245 (base 7) to base 15.
52e8d5
Convert -44465a (base 11) to base 4.
-2231010103
4456455 (base 7) to base 13
164400
Convert -2c8c4 (base 14) to base 2.
-11011001110001100
-2201304 (base 8) to base 7
-5006445
100550141 (base 8) to base 7
264112553
Convert -1140120415 (base 6) to base 4.
-301022120123
-39173 (base 11) to base 6
-1111423
What is -20221222200 (base 3) in base 10?
-137043
What is -41902 (base 14) in base 11?
-a8925
What is 16151045 (base 8) in base 12?
12b6b99
What is -57a30 (base 11) in base 15?
-19c45
Convert 2866646 (base 10) to base 8.
12736726
What is 53c14 (base 13) in base 10?
151441
-11650125 (base 7) to base 3
-1222112222000
Convert -1101101001000001011101 (base 2) to base 6.
-204351033
Convert 1302230310 (base 5) to base 12.
1087347
Convert 1450133 (base 6) to base 15.
19e9c
What is -10066463 (base 7) in base 2?
-11001101001000111000
What is 3c3287 (base 13) in base 5?
333314101
-236851 (base 12) to base 7
-4600021
Convert -1100102022010 (base 3) to base 5.
-140414301
34303244 (base 5) to base 4
1022320023
10001010100 (base 3) to base 12
2a790
11230302 (base 5) to base 2
11000111001000000
23333313 (base 5) to base 10
214833
What is b60890 (base 12) in base 7?
33222303
Convert 1402943 (base 11) to base 14.
46da9d
Convert 40a43 (base 11) to base 12.
2a751
What is -44122012 (base 6) in base 15?
-1b041b
c4b5 (base 15) to base 9
63018
Convert 134732 (base 12) to base 13.
b2274
Convert -112344410 (base 5) to base 8.
-1750740
Convert 2813624 (base 11) to base 6.
251545540
What is -6656235 (base 8) in base 7?
-21145635
What is 70694 (base 10) in base 4?
101100212
Convert 1209080 (base 10) to base 4.
10213023320
-235410 (base 10) to base 13
-831c6
4478080 (base 9) to base 5
1104220131
7647148 (base 9) to base 3
21201121011122
1000111100110100100 (base 2) to base 9
486271
-111101101000011101110 (base 2) to base 5
-1004111231
Convert 129549 (base 11) to base 8.
614332
c700 (base 15) to base 7
233445
What is -5831a (base 13) in base 16?
-2748f
What is -253189 (base 11) in base 9?
-668028
Convert 5357666 (base 8) to base 16.
15dfb6
What is 23d570 (base 14) in base 11?
769392
-822924 (base 13) to base 3
-12201010001120
-170548 (base 9) to base 11
-72231
What is 221412034 (base 5) in base 4?
3223331313
-125512135 (base 6) to base 14
-495d91
Convert 41752134 (base 8) to base 11.
502aaa7
What is 362663 (base 7) in base 6?
1224512
Convert -23dabf (base 16) to base 9.
-4371233
Convert 3dea57 (base 15) to base 4.
23120331220
What is -957399 (base 10) in base 15?
-13da19
-b2590 (base 12) to base 4
-320232330
21120012002 (base 3) to base 2
100100010101110101
What is -301255010 (base 6) in base 11?
-297a202
-2cb4a9 (base 13) to base 4
-10033010130
What is -111011101111001110110100 (base 2) in base 5?
-13002104311
What is -14492 (base 10) in base 5?
-430432
133000222 (base 4) to base 16
1f02a
Convert -1b3530 (base 14) to base 8.
-3545666
13331300 (base 4) to base 6
411012
What is 1202023045 (base 6) in base 11?
7703a20
-10002221112022 (base 3) to base 14
-310216
What is 4412212 (base 5) in base 11?
5205a
-20313220 (base 4) to base 14
-d34c
1a6668 (base 12) to base 15
937be
Convert -109a58 (base 14) to base 9.
-1050376
Convert -1142044 (base 7) to base 8.
-432612
What is -101011110100000010 (base 2) in base 15?
-3828d
What is -320040430 (base 5) in base 12?
-542130
What is -302808 (base 9) in base 15?
-381ab
What is -223131 (base 5) in base 2?
-1111011101100
559619 (base 11) to base 2
11011001100100110001
What is -1324043 (base 9) in base 11?
-4554a7
144050 (base 6) to base 5
420404
Convert 101120331 (base 4) to base 7.
414444
Convert -689658 (base 11) to base 16.
